
11
Suppose -a + 3*a = -3*v - 17, -52 = 2*a - 4*v. Let w be a/(-56) - 46/14. Let k be (w/(-9))/(2/24). Calculate the highest common divisor of k and 16.
4
Let v = -372 - -389. What is the highest common factor of v and 153?
17
Let h(i) = -22*i**2 - 2*i. Let s be h(-2). Let k = -45 - s. Let m be k/(30/8 + -3). What is the highest common factor of m and 78?
26
Let x = 186 + -135. What is the greatest common factor of x and 34?
17
Let j(i) = 13*i + 86. Let t be j(-6). What is the greatest common divisor of t and 388?
4
Let t be 1/3 + 1/(-1 + -2). Suppose 2*m + 20 = 6*m. Suppose -m*n - 5*v + 70 = t, -n + 8*v + 8 = 3*v. What is the highest common factor of n and 13?
13
Let i be (0 - 2/(-4))*-4 - -5. Suppose i*m - 11 - 106 = 0. Calculate the highest common factor of m and 104.
13
Let o(l) = 25*l**3 - 3*l + 2. Let w be o(2). Suppose b - 3*z = 9 + 4, 4*b + 5*z - 137 = 0. Calculate the highest common factor of b and w.
28
Let s be ((-357)/(-4))/(175/1400). What is the greatest common divisor of 56 and s?
14
Let s = -40 - -62. Let a = 43 - s. Suppose 2*i = -x + a - 1, -x = 3*i - 30. What is the greatest common divisor of i and 50?
10
Let q(w) = w**2 + 4*w + 16. Let t be q(-17). Suppose -2*i = 77 - t. Let d(l) = l**2 - 4*l + 3. Let m be d(5). What is the greatest common divisor of m and i?
8
Let l be -12*-3*2/18. Let k be 289 - (l - 2) - 3. Let v = k - 86. Calculate the greatest common divisor of v and 18.
18
Let g be (-1)/(-3) + 20/12. Suppose 0 = -i + g*o + 30 + 154, i - o = 180. Calculate the greatest common divisor of i and 22.
22
Let o be 17/4 - 4/((-16)/3). Suppose -7*d = r - 3*d - 22, -r = o*d - 23. What is the greatest common divisor of 198 and r?
18
Suppose 0 = -0*d - 4*d + 164. Suppose -m = -1 - d. Suppose 0 = 35*z - 34*z - 105. What is the greatest common factor of z and m?
21
Let r be ((-20)/12*-3)/1. Suppose -15 = -0*m + r*m. Let j = m - -11. Calculate the greatest common factor of j and 2.
2
Let d be (13 - (-340)/(-30))*207. Calculate the highest common factor of d and 115.
115
Let k = 418 + 140. What is the greatest common factor of 18 and k?
18
Let c(q) = -q**2 + 22*q + 8. Let w be c(15). Suppose -d = -0*d + w. Let p = d + 161. What is the greatest common divisor of p and 6?
6
Let y(p) = -29 - 3*p - 2*p**3 + 35 + 0*p - 9*p**2. Let w be y(-4). Calculate the greatest common factor of w and 2.
2
Let j(w) = 12*w - 19. Let x be j(-6). Let u = x - -142. What is the highest common divisor of u and 34?
17
Let x(h) = 8*h + 4. Suppose -3*w = -2*b + 10, -3*b - 5*w - 4 = -0. Let t be x(b). Let r be 4/14 + (-272)/(-28). Calculate the highest common divisor of t and r.
10
Let l(z) = z - 1. Let s(o) = -2*o - 338. Let b(g) = -3*l(g) - s(g). Let k be b(0). What is the greatest common factor of k and 31?
31
Suppose y + 4*q = -2 + 8, -7 = -4*y + q. Let o(j) = 27*j - y - 4 + 5 + 7. Let b be o(2). Calculate the greatest common factor of 24 and b.
12
Suppose -3*q - 24 = -4*q - 4*v, 0 = 5*q + 4*v - 72. What is the greatest common divisor of q and 32?
4
Let b be (-1701)/42*2*(-1 + 0). Calculate the highest common factor of 45 and b.
9
Let d(g) = -g**2 - 14*g - 29. Let r be (7 - 395/55) + 108/(-11). Let c be d(r). What is the highest common divisor of 110 and c?
11
Let u be (0 + -6)*2/(-6). Let w(c) = 5*c - c**3 - 4*c**2 + 8 + c**u - 5*c**2. Let j be w(-9). What is the highest common factor of j and 110?
22
Let o be 117*1/(8 + -4 + -3). Calculate the highest common factor of 6 and o.
3
Suppose -2*f - 9 = -27. What is the greatest common divisor of 639 and f?
9
Let f(w) = -w**2 + 8*w + 19. Let i be f(9). What is the highest common factor of i and 160?
10
Suppose 0 = -y + m - 12, 16 + 46 = -5*y + 4*m. Suppose -8 - 2 = -q. Let a = q - y. Calculate the greatest common factor of a and 36.
12
Let w be 2 + 70 + (5 - 7). What is the greatest common factor of 14 and w?
14
Let c be (-1204)/(-10) - (-4)/(-10). Suppose 14*r - 9*r + 65 = 2*b, -b + 4*r = -34. What is the greatest common factor of b and c?
30
Let s(j) = 2*j**2 + 17*j - 94. Let x be s(4). Let v be (2 + 1 - 2)/(-1). Let k be (v/2)/((-1)/108). What is the greatest common factor of k and x?
6
Suppose -27*d + 593 = -2998. Let k(t) = 4*t - 1. Let m be k(2). What is the greatest common divisor of m and d?
7
Let t(w) = -25*w**3 - w**2 - 14*w - 14. Let d be t(-1). Calculate the greatest common divisor of d and 1104.
24
Let r be (-10)/(-4)*2*(-10)/(-10). Suppose 3*n = -r*p + 190, -4*p - 349 = -5*n - 57. What is the highest common factor of n and 150?
30
Let o be 0 - (2 - 2 - 2). Let b = 2420 - 2416. Calculate the greatest common factor of o and b.
2
Let f = 1515 + -1400. Suppose 0 = o - 2*o + 23. What is the highest common divisor of f and o?
23
Let p be -605*((-3)/10)/(6/12). Let d = 6 - 3. Suppose -p = -5*u + d*q, 2*u + q - 193 = -50. Calculate the greatest common divisor of u and 8.
8
Suppose 0 = 12*t - 11*t + 1, 0 = c - 3*t - 40. What is the greatest common divisor of 407 and c?
37
Let u(b) = 2*b**2 - 5*b + 2. Let j be 42/9*(-12)/(-14). Let d be u(j). Let w be (d - -1) + 1 - -2. Calculate the highest common divisor of 2 and w.
2
Suppose 0*j + 2*j = o + 125, -2*o + 110 = 2*j. Suppose 5*s = 5*w + 90, -9 = -3*s - 2*w + 30. Calculate the highest common factor of s and j.
15
Suppose -2 = 6*u - 44. Let t(h) = h**2 + 4*h - 3. Let j be t(-5). Suppose -u*d + j*d = -140. Calculate the greatest common divisor of d and 4.
4
Suppose 880 = 10*v - 2*v. Let n(j) be the second derivative of j**4/12 + 5*j**3/6 - j**2 - 5*j. Let z be n(3). Calculate the greatest common factor of v and z.
22
Suppose 0 = -2*i + 3*n + 421, -3*i + 21*n = 23*n - 638. Calculate the greatest common factor of 265 and i.
53
Suppose 36 = 2*q + 2*q. Let d be 2/q + (-284)/(-18). What is the highest common factor of 128 and d?
16
Suppose 4*n = -5*b + n + 30, -5*b - n + 40 = 0. Suppose b = i - 6. Calculate the greatest common factor of i and 5.
5
Let a(f) = f**3 - 21*f**2 - 16*f - 41. Let c be a(22). What is the greatest common factor of 7 and c?
7
Let j = -9 - -19. Let d = -52 + 52. Suppose 16*b - b - 375 = d. What is the highest common factor of j and b?
5
Let z = 7 - 6. Let t(s) = 18*s + 2. Let r be t(z). Let m(q) = -80*q. Let f be m(-2). Calculate the greatest common factor of f and r.
20
Suppose 0 = 5*r - 10*r. Let t = r + 11. Let n = t + -10. Calculate the highest common factor of 3 and n.
1
Suppose 11*o + 28 = 2*o + 136. Let i(n) = -n + 1. Let l be i(-5). What is the highest common factor of l and o?
6
Suppose 50 = 4*y - 130. Let x = -43 + y. Calculate the greatest common factor of x and 1.
1
Let o be 56*((-20)/(-8) + 0). Suppose 0 = 5*i - 380 + o. Suppose 2*c = -16 + i. Calculate the highest common divisor of c and 8.
8
Suppose -5*k = 3*w - 21, -w - 3*k + 35 = 4*w. Let g be (16/4 - 3)*35. Let p = g - -42. What is the greatest common divisor of w and p?
7
Let r be -2*(-6 - (-2 + -2)). Suppose -r*o + 22 = 6. Calculate the greatest common factor of 12 and o.
4
Suppose n = -3*b + 170, 838 = 5*n - 0*n + 3*b. Let c = n + 86. Let i = 132 + -109. What is the greatest common divisor of i and c?
23
Suppose -11*k + 941 = -1534. Calculate the greatest common divisor of k and 25.
25
Suppose -30 = 3*q - 6*q. Suppose 5*o = -g + 69, 3*g = 8*g + 5*o - 325. Let l = g + -24. Calculate the highest common divisor of q and l.
10
Let z(h) be the second derivative of 5*h**3/6 - 13*h**2 - 10*h. Let v be z(12). Calculate the greatest common factor of 68 and v.
34
Let o(u) = 6*u - 108. Let p be o(23). What is the highest common divisor of p and 105?
15
Let f = 24 + -12. Let x(i) = -i**2 + 14*i - 18. Let p be x(f). Let s = 31 + 23. What is the greatest common divisor of p and s?
6
Let f(o) be the third derivative of 7*o**4/24 + o**3/3 - 3*o**2. Let s be f(0). Calculate the greatest common factor of s and 7.
1
Let t be ((-207)/(-18))/(2/20). What is the highest common divisor of 69 and t?
23
Let p = 1279 - 1267. What is the highest common factor of 720 and p?
12
Let k(a) = 2*a + 7. Let p be k(11). Let v = 23 + -35. Let g(i) = i**2 - 16*i - 17. Let l be g(v). What is the highest common factor of p and l?
29
Let i be (1/3)/(2/12). Suppose x = -5*s - 453, 3*s + i*x = -317 + 48. Let l = s - -193. Calculate the greatest common divisor of 17 and l.
17
Suppose 5*r - 8 = 2. Suppose -42 = -